-1 - 48. Suppose -c + 488 = d*c. What is the units digit of c?
1
Let j(m) = -2*m**3 - 8*m**2 - 5*m - 11. Let d(u) = 5*u + 64. Let z be d(-14). What is the tens digit of j(z)?
6
Suppose -21264 = -3*a - 5*a. Let j = a + -1833. Suppose 4*f + f = j. What is the tens digit of f?
6
Let w(p) = p - 32. Let k be w(12). Let s be 0 - (316/(-6))/(k/(-30)). Let o = 51 + s. What is the units digit of o?
0
Let x be (-5)/(-3) + 3 + 2/(-3). Suppose 0 = -2*g - 10, 18 = x*w - 3*g + 5*g. Suppose w*j - 1078 = -4*j. What is the units digit of j?
8
What is the tens digit of (-8 - 15/(-3))*(305162/(-33) - 5)?
5
Let p(d) = d**3 - 2. Let l be p(2). Suppose 0 = 5*w - l - 4. What is the tens digit of 134/w + 5/5?
6
Let b = 502 - 497. Suppose 8*i - 4118 = -4*s + 10*i, 0 = 4*s - b*i - 4133. What is the tens digit of s?
2
Let h(a) = -948*a - 5606. What is the units digit of h(-6)?
2
Suppose 0 = -27*c + 29*c - 4. Suppose 0 = -3*s - 4*k, -3 + 11 = -s - 4*k. Suppose -12 = -s*z + 2*y + 134, -98 = -c*z - 4*y. What is the tens digit of z?
3
Let f = -443 + 1072. Suppose -8 = -2*q, 0*d + f = d - q. What is the tens digit of d?
3
Suppose -k + 1146 = 4*u - 4822, 29740 = 5*k - 5*u. What is the tens digit of 6/4*k/36?
4
Let p(x) be the first derivative of -x**4/4 - 2*x**3 - 7*x**2/2 + 5*x - 6. Let k be p(-4). What is the units digit of (k/2)/(1/154)?
7
Let a(n) = 780*n**2 - 63*n - 339. What is the thousands digit of a(-5)?
9
Suppose 0 = 5*p - 4*x + 796, -2*x - x - 3 = 0. Let l be ((-16)/5)/((-4)/(-110)). Let n = l - p. What is the tens digit of n?
7
Let p = 34 + -36. Let i = p + 7. Suppose -f + 2*f = 3*g + 51, -15 = -i*g. What is the units digit of f?
0
Suppose -15*z + 132236 = -98209. What is the thousands digit of (2*(-2)/12)/((-3)/z)?
1
What is the units digit of (-10)/(-16)*(-12)/(-10) - 68585/(-20)?
0
Let w = 346 + -597. Let x = w + 1850. What is the units digit of x?
9
Let k(n) = n**2 - 12*n - 11. Let l be k(13). Suppose 5*b - 364 = -l*b. What is the tens digit of 30/(-20)*b/(-3)?
2
Let m(h) = 298*h**2 - 38*h + 101. What is the ten thousands digit of m(-15)?
6
Let n(d) = -11*d - 370 + 75 + 7*d**2 + 169. What is the units digit of n(-9)?
0
Suppose -2*y = q - 12, y - 4*q = -15 + 3. Suppose -3*j - 61 = -4*j + 4*r, -y*r = -5*j + 289. Let c = 11 + j. What is the tens digit of c?
6
Let t = -11547 - -22294. What is the units digit of t?
7
Suppose 32 = 4*g, -105*g = -2*v - 107*g + 60010. What is the thousands digit of v?
9
Suppose -2*x - 1658 = -2*q + q, 4*q - 6614 = 2*x. Let n = q - 1057. What is the hundreds digit of n?
5
Let g be (12/(-9))/(2/(-3)). Let h(k) = -37*k**2 + 65*k**g + 4 + 3*k + 22*k**2. What is the tens digit of h(-1)?
5
Let p(j) = 10129*j + 454. What is the ten thousands digit of p(1)?
1
Suppose 6*f + 4 = 2*f - 2*n, -n = -f + 2. Let l = -70 + f. Let d = l + 77. What is the units digit of d?
7
Suppose 0 = 73*s - 494881 - 2523012. What is the tens digit of s?
4
Let j(l) = -29*l - 47. Let i be j(-2). Let r(g) = 22*g - 57. What is the hundreds digit of r(i)?
1
Suppose 51 - 663 = 3*n. Let m = 364 + n. Suppose -3*g = g - m. What is the units digit of g?
0
Suppose -135 = -9*x - 99. Suppose -3*i = x*t - 1653, 3*i + 2*t = 935 + 718. What is the units digit of i?
1
What is the hundreds digit of ((-150)/(-20))/(15/650)?
3
Let z(a) = -4*a**2 - 33*a + 28. Let f(p) = 5*p**2 + 32*p - 28. Let v(g) = 3*f(g) + 4*z(g). What is the hundreds digit of v(-25)?
3
Suppose 1 + 15 = 4*r. Suppose 673 = r*w + 5*y - 462, y = 4*w - 1165. What is the units digit of w?
0
Let d = 86 + -82. Suppose 0 = -3*a + u + u + 1036, -4*a + 1372 = 2*u. Suppose 3*j + 10*v = 9*v + 258, -d*j + 4*v = -a. What is the units digit of j?
6
Let n(p) = 34*p + 1971. What is the hundreds digit of n(49)?
6
Let i = 136 + -100. What is the hundreds digit of ((-1626)/9)/((-24)/i)?
2
Let s be (-51)/(1224/(-112))*3/7. Let b(i) = 36*i**2 + 3*i - 3. Let a(p) = 35*p**2 + 2*p - 3. Let u(d) = 5*a(d) - 4*b(d). What is the units digit of u(s)?
7
What is the hundreds digit of (-1 + 8)/((-2)/6 + (-276500)/(-828870))?
6
Let g(w) be the third derivative of w**5/60 + w**4/12 - 5*w**3/2 + 4*w**2. Let h be g(3). Suppose h = -c + 32 + 3. What is the tens digit of c?
3
Suppose -37*f + 33*f + 1262 = 2*o, 0 = -5*o - 3*f + 3148. Suppose 2*q - 609 = o. What is the tens digit of q?
1
Let x(a) = -52*a**2 - 2*a - 2. Let u be x(-2). Let t = -751 + u. What is the hundreds digit of t/(-9) + (-2)/6?
1
Suppose k - 3 - 5 = 3*i, -24 = -3*k + i. Suppose 0 = q + 4*r + 5 - 20, -3*r = 4*q - k. What is the tens digit of q/(-5) + (-445)/(-25)?
1
Suppose 412*s - 418*s + 21936 = 0. What is the tens digit of s?
5
Suppose 23*m + 97775 = 216632 + 138904. What is the tens digit of m?
0
Let q(n) = n**3 - n**2 - 1. Let j be q(2). Suppose i = 3*p - 48, p + 4*i + j = 6. Suppose -p*w + 11*w + 80 = 0. What is the tens digit of w?
2
Suppose 13*y - 30115 = 49315. What is the tens digit of y?
1
Let u(a) = a**3 - 11*a**2 + 13*a + 18. Let d be u(13). Suppose d = -24*p + 29*p. What is the hundreds digit of p?
1
What is the tens digit of 8 - ((-6)/(-20) + 2010/300) - -48443?
4
Let s(l) = -l**3 - 7*l**2 + 16. Let q be s(-7). Let z(j) = 3 + j**3 - 3*j - q - 4*j**2 + 0*j**3. What is the tens digit of z(7)?
1
Suppose -o - 2*q + 44 = 0, -2*o = -3*o + 4*q + 14. Let i = -34 + o. Suppose 3*c + 2*u = -0*c + 337, -5*c + 2*u + 551 = i. What is the units digit of c?
1
Let t = 55144 - 32345. What is the tens digit of t?
9
Suppose -5*z - k + 6*k = -2055, 5*k = -30. What is the units digit of z?
5
Let f(m) = m - 1. Let x be f(-2). Let g be 39/(-6)*2*x. Let a = 101 + g. What is the tens digit of a?
4
Suppose 0 = j, 5*n - 6*j - 14250 = -5*j. Suppose -9*w = -15*w + n. What is the units digit of w?
5
Let g(i) = 2*i**2 + 308*i + 309. Let w be g(-1). Let y be -11 - 0/1*-1. What is the tens digit of (y + w)/(-4) - -69?
7
Suppose -t + 4*z = 1 + 8, 0 = 4*t + 2*z - 18. What is the hundreds digit of (t/(-9))/(-1*7/27279)?
2
Suppose -349*c + 350*c = -3*d + 64821, 21613 = d + c. What is the ten thousands digit of d?
2
Let l(m) be the third derivative of -5*m**4/6 + 2*m**3/3 + 5*m**2. Let g be l(5). Let o = g - -204. What is the tens digit of o?
0
Let m = 2088 + -815. What is the thousands digit of m?
1
Suppose 20*s = 4*s + 448. Let g(v) = v + 45. Let q(m) = 45. Let a(l) = 4*g(l) - 5*q(l). What is the units digit of a(s)?
7
Let t(p) = p**3 - 11*p**2 - 14*p + 32. Let w be t(12). Suppose -5*b + w*b = 312. What is the hundreds digit of b?
1
Let u(o) = -o + 14. Let d be u(19). What is the tens digit of 6 + d + (-93)/(-1)?
9
Let k be -6 - (-5 + -1 + 4674/(-2)). Let r = k + -1054. What is the thousands digit of r?
1
Suppose -2 = 2*j - 8. Let b be ((30 + -3)/j)/((-3)/2). What is the units digit of (-1 - 16/b)/((-2)/(-144))?
0
Suppose -5*b - 37262 = 11*s - 207826, 0 = 3*b - 5*s - 102408. What is the tens digit of b?
2
Suppose -4*c + g + 282448 = -5272, 3*g + 215790 = 3*c. What is the hundreds digit of c?
9
Suppose -2*d + 5*z = -14, -z - 2 = -2*d + 4. Let c be -1*(3 + (-12)/4). Suppose c*v = -d*v + 36. What is the tens digit of v?
1
Suppose 2*m = -2*a + 9458, -a - 16 = 3*a. What is the hundreds digit of m?
7
Let g(b) = -27*b + 461. Let p be g(13). Let d = 64 + -95. Let f = p + d. What is the units digit of f?
9
Let j(d) = -d**2 + 3*d - 4. Let a be j(3). Let v be 27/((a/(-1))/12). Let s = 147 - v. What is the tens digit of s?
6
Suppose 4*f + 1956 = 2*l, -5*f + 3389 + 1501 = 5*l. Let n = -683 + l. What is the units digit of n?
5
Suppose -24*w = -27*w + 1713. Suppose 0 = 2*l - w + 75. Let o = -145 + l. What is the tens digit of o?
0
Let n(g) = -g**2 - 7*g + 33. Let w be n(-10). Let p(q) = 74*q**2 + 6*q - 6. What is the hundreds digit of p(w)?
6
Let t be (1 - 0)/(3/(-201)). Let r = t - -152. Suppose 0*a = -a - 5*v + r, a = v + 85. What is the tens digit of a?
8
Let o = -1 - -1. Suppose o = 3*s - 11*s + 24. What is the tens digit of 6/9 + 304/s?
0
Let w be 955/15 + (-6)/9. Let s be 18/w + ((-24)/(-14) - 0). Let n(u) = 22*u**3 - 3*u + 7. What is the units digit of n(s)?
7
Let d be ((-36)/(-20))/((-6)/(-30)). Suppose 1029 = -2*h + d*h. Suppose -37*u + 34*u = -h. What is the units digit of u?
9
Suppose 9*a - 200 = -a. Suppose 0 = -a*u + 7337 + 1243. What is the hundreds digit of u?
4
Suppose -5*a = i - 15, 2*a + 0*i = 3*i - 11.